r?
True
Suppose -10*i + 4*f + 319586 = 0, 0 = -4*i + 4*f - 3*f + 127832. Is i prime?
True
Suppose -4*n + 10 = n. Suppose -25 = -3*k - 5*o, k + k - n = 4*o. Suppose k*l + 161 - 3096 = 0. Is l a composite number?
False
Let f(z) be the first derivative of z**4/4 + 5*z**3/3 - 2*z**2 + 8*z - 2. Let g be f(-6). Is g/8*(0 + -74) a composite number?
False
Let j(c) be the second derivative of c**5/20 - 3*c**4/4 - c**3/3 - 9*c**2/2 + 11*c - 3. Suppose 5*r + 32 = -2*l + 83, -3*l + 49 = 5*r. Is j(r) composite?
False
Let v = -11852 - -49530. Is v prime?
False
Suppose -30*f + 19*f = -73799. Is f a composite number?
False
Let y = 6402 - 3604. Is y a prime number?
False
Suppose 0 = 23*d - 32*d + 281322. Is d prime?
False
Let i = 8591 - -12496. Suppose -7*y + i = 5344. Is y prime?
False
Let t(z) = 58*z**3 + 7*z**2 - 13*z + 6. Is t(4) a prime number?
False
Let k be 1*(0 - -3 - 0). Suppose 2*o + 2236 = 3*s, -k*s - 2*o - o + 2241 = 0. Is s a composite number?
True
Is (-41 + 40)*(1 + -86924)*1 a prime number?
True
Let l be (-1)/4 + 55/(-20). Let j(r) = -r**2 - 4*r - 4. Let c be j(l). Is (-1)/(c/114) - -4 composite?
True
Let g = -34 - -16. Let d = -13 - g. Suppose 3*b - 24 = -d*k, 2*k + 2*k - 1 = -b. Is b a prime number?
True
Suppose -5*f + 0*f + 7 = -4*v, 5*v - 2*f - 4 = 0. Suppose -b = 2*b, -v*q + 2*b = -5138. Is q prime?
False
Suppose 0 = 13*j - 307769 + 97806. Is j prime?
False
Suppose 35*x = 176736 - 52801. Is x prime?
True
Let n(b) = -3*b - 1. Let f be n(-6). Suppose 0 = -18*s + f*s + 301. Is s prime?
False
Let j(k) = -293*k - 7. Let i(r) = 878*r + 21. Let s(p) = 6*i(p) + 17*j(p). Let u be s(3). Suppose c = -3*c + u. Is c a composite number?
True
Let m(b) = -25 + 12 - b**3 + 7 - 9*b**2 - 9*b. Let r be m(-6). Let p = 125 + r. Is p composite?
True
Let f(r) = 462*r + 79. Is f(14) prime?
True
Suppose -18*t + 14*t = -4140. Suppose t = 4*g - 1. Is g composite?
True
Let g(b) = 2*b**2 - b + 1. Let z be g(1). Let n = 174 - 87. Suppose n = -z*k + 3*k. Is k prime?
False
Let i = -5530 + 9801. Is i prime?
True
Suppose -3 = q + 1, -140 = y - q. Let p = -75 - y. Is p a prime number?
False
Let r(a) = -30*a + 22. Let x be r(0). Let p be -1 + (-2 + 0)/(-2). Suppose -30*l + 31*l - x = p. Is l a composite number?
True
Let o be 199*(4/(-12))/((-2)/12). Suppose 2*x = -4*r + o, 3*x = -3*r - 0*x + 306. Is r composite?
False
Let d be (-15)/(-2) + 3/(-6). Suppose -5*g + 27 = -3*j, -2*g = g + 4*j + d. Suppose -s - 1130 = -g*s. Is s prime?
False
Suppose 29 = -2*r + 6*r - 3*t, 0 = -3*r + t + 18. Suppose 9*y = r*y - 640. Let a = y + 234. Is a composite?
True
Let v(f) be the first derivative of f**3 + 10*f - 1. Is v(-5) prime?
False
Suppose -4*r + 0*r - 3*p = -20, 2*p + 15 = 3*r. Suppose -4*h + 15624 = 4*m, -r*h - 3*m + 8*m + 19540 = 0. Is h a prime number?
True
Is (-21)/(-6) - 1031160/(-80) composite?
False
Suppose -u + 3*y = -2729 - 646, 6790 = 2*u + 4*y. Suppose 4*t - u - 1865 = 0. Is t a prime number?
False
Suppose 0 = -24*o + 124166 + 74506. Is o a prime number?
False
Let k(c) = c. Let y(t) = -4*t**2 - 21*t + 886. Let u(m) = m**2 + 7*m - 295. Let b(x) = 7*u(x) + 2*y(x). Let n(s) = -b(s) + 5*k(s). Is n(0) prime?
True
Let o = 342 + 2861. Is o composite?
False
Let q(i) = -i**3 + 6*i**2 - i + 4. Let z be q(5). Suppose -3*a + 15 = a + t, 3*a + 5*t = z. Suppose -21 = -s + 3*g, 4*s - a*g = 22 + 26. Is s a prime number?
False
Suppose -19*d = 13*d - 284384. Is d composite?
False
Let j = 151 - 147. Suppose 3292 = -j*p + 10232. Is p composite?
True
Suppose 5*a = -4*p + 11447, -3*a + p - 7*p + 6861 = 0. Is a a composite number?
True
Suppose -4*b + 190454 - 70429 = z, 5*b + 20 = 0. Is z prime?
True
Suppose -19*r + 189286 = -17*r + 4*u, -2*r + 189283 = 5*u. Is r composite?
False
Suppose 19*s - 1102 + 3952 = 0. Suppose 0 = -2*r - r - 249. Let c = r - s. Is c prime?
True
Let n(m) be the third derivative of -m**6/60 - 11*m**5/60 - m**4/8 + 7*m**3/6 - 5*m**2. Let d be n(-7). Suppose -6*x + d = -x. Is x composite?
True
Let n = -14779 - -28752. Is n a prime number?
False
Let k(o) = 7*o + 5. Let x be k(-2). Let m(s) = -23*s - 16. Is m(x) a prime number?
True
Suppose 0 = 15*f - 5*f - 30. Suppose 442 = d - b, -241 = -f*d - 3*b + 1103. Is d a prime number?
False
Suppose -9*p = 19 - 19. Suppose -666 = -2*t + 5*u - 78, -3*t - 3*u + 861 = p. Is t prime?
False
Let d be (-4 - (-7)/(21/6))/(-1). Suppose -d*u = -19*u + 2669. Is u a composite number?
False
Suppose 0 = 6*h + 2414 - 13184. Is h a composite number?
True
Suppose 5*d = 5*s + 378635, 12*d - 378663 = 7*d - 2*s. Is d a composite number?
False
Let h(a) = -325*a - 28. Is h(-5) composite?
False
Let p = 13648 - 8939. Is p a composite number?
True
Suppose 4*f = 3*b + f - 6, 4*b = f - 4. Is 371*(3 + 4/b) a prime number?
False
Suppose -3*h + h = 4*q - 4562, 0 = 4*q - h - 4577. Is q/2*(-40)/(-60) composite?
True
Let d(o) = 8*o**2 + 37*o + 29. Let l(i) = 3*i**2 + 12*i + 10. Let k(u) = -6*d(u) + 17*l(u). Is k(11) composite?
True
Suppose -131*q + 18 = -128*q. Is (1 - 1598)/((-6)/q) prime?
True
Suppose 272 = -4*b + 6*b. Let w = b + 75. Is w a composite number?
False
Let h(s) = 3*s - 1. Let w be h(7). Is 19768/w + (-4)/10 - -1 a prime number?
False
Let t be (-252)/(-60) - (-2)/(-10). Suppose 9619 = t*y - 4365. Is y/18 + (-20)/90 a composite number?
True
Let l = 1128 - -845. Is l composite?
False
Is 515 + (10 - 0) + -4 prime?
True
Let d(m) = m + 5. Suppose 0 = 2*z + 15 - 3. Let y be d(z). Is (-1)/((0 + y)/341) a composite number?
True
Let s(v) = -8*v**3 - 6*v**2 - 13*v - 97. Is s(-9) a prime number?
False
Let y = 9 - -43. Is -951*(4 - y/12) composite?
False
Let x(h) = -h**3 + 2*h**2 + 4*h + 2. Let i be x(3). Is (i + -3)*1 - -1 composite?
False
Let o(m) = -2*m + 12. Let p be o(5). Suppose -4*w + 222 = p*w. Let z = 118 + w. Is z a prime number?
False
Let a(u) = -u**2 - 3*u + 8. Let v be a(3). Let y = 123 + v. Is y prime?
True
Let t(k) be the third derivative of k**5/10 + 2*k**4/3 + k**3/6 + 13*k**2. Is t(9) composite?
False
Suppose -4*o + 11504 = -5460. Is o prime?
True
Let j = 26577 + 12376. Is j composite?
False
Let l be 10350/40*(-8)/(-3). Suppose -35 + l = k. Is k a prime number?
False
Let c = 16 - 9. Let u be (-20)/10 + c*1. Is (-42)/(-4)*(-3 + u) composite?
True
Let g = 2097 + -3513. Is (0 - 3/(-9)) + g/(-18) composite?
False
Let a = 4468 - 921. Suppose -15*g + a = -14*g. Is g prime?
True
Suppose i = -139 - 70. Let w = i + 528. Is w composite?
True
Suppose -15 = -5*m, -7*x - 4*m = -9*x + 992. Is x prime?
False
Let w be -102*((-33)/(-9) + -4). Let u(c) = 2 + 37*c + 59*c + 3 - w*c. Is u(4) a composite number?
True
Let z = 74 + -63. Suppose z*g - 53191 = -7970. Is g prime?
True
Suppose -n + t = 4*t + 13, 17 = -5*n + t. Is (1162/(-4))/(2/n) a prime number?
False
Suppose -q + 10 = 4*q. Suppose -3*y + 5 = -2*u - 3, 0 = -5*y + q*u + 20. Let f(w) = 5*w**2 + 3*w - 7. Is f(y) composite?
False
Let f(u) = 7*u**2 + 6*u - 7. Let r(l) = -l**2 - l + 1. Let i(v) = f(v) + 6*r(v). Let h be i(-1). Suppose 2*x = -4*d - h*x + 2538, -x = -3. Is d composite?
True
Suppose 2480 = 4*v + 4*g - 5972, 5*v - 10541 = g. Suppose -3*h - v = -4*q + 500, 0 = -5*h + 5. Is q a composite number?
False
Suppose 10681 = 12*j - 198251. Is j a composite number?
True
Let h be 76/10 + (-18)/(-45). Is 628/h + (-1)/(-2) prime?
True
Suppose -12*j + 2004 = -10*j. Suppose 983 + j = 5*s. Is s a composite number?
False
Let p = 17 + -16. Let g(z) = 4*z + 6*z + 26*z - p + 20*z. Is g(4) a prime number?
True
Is 50591 + 3/((-9)/(-24)) prime?
True
Is (6/5)/((-75)/(-236125)) prime?
False
Let v be -9 + 5 + (4 - 0) + 3. Is ((-1)/v)/(2*2/(-14052)) composite?
False
Let w be (-2)/6 - 8/(-24). Suppose w = -d + 1841 + 820. Is d prime?
False
Let r be (-6587)/(-3) + (-3)/(-9). Let g = r - 1405. Is g prime?
False
Let t = -1 + 12. Let g be ((-2)/2)/(11/33). Let m = t - g. Is m a composite number?
True
Suppose -1615 = 2*u - 7*u. Suppose 0*y = -5*m + 3*y + 1594, -2*y = -m + u. Is m a prime number?
True
Let g(c) be the second derivative of -c**3/2 - c**2/2 - 4*c. Let h be g(-1). Is (-2784)/(-20) + h/(-10) prime?
True
Let r = -2520 - -4747. Suppose r = 4*w - 1585. Is w a prime number?
True
Let b be 20*(-1 + 3/2). Suppose -b = -4*h - g, -4*h + 3 = -2*g - 1. Suppose l + h*l + 2*w = 275, 0 = -5*w - 10. Is l a prime number?
False
Let n = 1